t u = 1 - o. Determine m(u).
8
Let u be 1*-5*1*-1. Let q(d) = -5*d**2 + 25*d + 17. Let m(k) = -4*k**2 + 20*k + 15. Let r(h) = -6*m(h) + 5*q(h). Give r(u).
-5
Let c(z) = 3*z - 2*z + 2 - 4*z + 2*z. Determine c(7).
-5
Let v(x) = -5*x + 1. Let t = -38 - -53. Let g be 1 + -3 + 1 + t. Let p be g/10 + 4/(-10). Calculate v(p).
-4
Suppose 0 = -161*g + 180*g - 38. Let k(p) = -4*p + 3. Calculate k(g).
-5
Let q(h) = -36*h**3 - h**2. Suppose 137 - 136 = j. Give q(j).
-37
Let j(u) be the third derivative of 0 - 1/60*u**5 + 0*u + 1/3*u**3 - 1/24*u**4 + 12*u**2. Determine j(0).
2
Let g(y) be the first derivative of y**4/8 - 7*y**3/6 + 2*y**2 - 8. Let p(r) be the second derivative of g(r). Determine p(7).
14
Let j(o) be the first derivative of 1/20*o**5 - 1/12*o**4 + 1/360*o**6 - 7/3*o**3 + 4 + 0*o**2 + 0*o. Let b(a) be the third derivative of j(a). What is b(-4)?
-10
Let u(m) = -12*m**2 + 7*m - 6. Let k(n) = n**2 - n + 1. Let p(g) = 6*k(g) + u(g). Let f = 118 - 69. Let o = -48 + f. Determine p(o).
-5
Let q(z) be the first derivative of z**3/3 - 9*z**2 - 21*z + 190. Determine q(20).
19
Let i(z) be the second derivative of -z**6/360 - z**5/24 - z**4/12 + 7*z**3/6 - 9*z. Let g(d) be the second derivative of i(d). Determine g(-2).
4
Let x(c) = 130 - 68 - c - 43. Calculate x(9).
10
Let i(g) = -g**2 - 4*g - 3. Suppose -h - 14 - 75 = -2*r, r = 2*h + 52. Let v = r + -44. Determine i(v).
1
Suppose 234*n = 248*n - 14. Let u(h) = -h. What is u(n)?
-1
Let c(w) be the first derivative of w**4/4 + 4*w**3/3 - w**2 - 4*w - 59. Suppose -3*v - 8 = 4. Calculate c(v).
4
Suppose -4*w - g + 32 = 0, 5*w - 44*g = -46*g + 37. Let u(f) = -f**2 + 9*f + 1. Determine u(w).
1
Let u(d) = d**2 - 4*d + 3. Let l be u(4). Let k(v) be the third derivative of v**6/120 - v**5/20 + v**4/24 - v**3/6 + 3*v**2. What is k(l)?
2
Let a(t) be the second derivative of -2*t**2 + t**3 + 6*t + 0 + 1/12*t**4. Let m = -13 - -7. What is a(m)?
-4
Let f(m) = 14 - 12*m - 59 + 47. Determine f(-3).
38
Let l(x) be the third derivative of -5*x**4/24 - x**3 + 3*x**2 - 12*x. Give l(-5).
19
Let f(h) be the third derivative of -h**6/24 - h**5/60 - h**4/8 - h**3/3 + 32*h**2 - 5. Calculate f(-1).
5
Let n(p) be the third derivative of p**8/20160 + p**7/1260 + 13*p**5/60 + 9*p**2. Let o(u) be the third derivative of n(u). What is o(-5)?
5
Let n be 7 + (5 - 7) - -1. Let p(i) = -13*i + 4 - n + 15*i. Give p(8).
14
Suppose -14 = 3*z - 10*z. Let k(c) = 10*c**3 + 22*c**2 + 8*c - 1. Let j(x) = 3*x**3 + 7*x**2 + 3*x. Let l(a) = z*k(a) - 7*j(a). Calculate l(-4).
2
Suppose 8 = 4*l - 4. Let o(k) = -30*k - 24*k - 2 + k**l - 5*k**2 + 52*k. Give o(5).
-12
Let b(s) be the first derivative of s**3/3 - s**2/2 + 21. Let w(u) = u**3 + 3*u**2 - 4*u - 2. Let n(t) = b(t) - w(t). What is n(-3)?
2
Let s(p) be the third derivative of 0*p - 1/24*p**4 + 12*p**2 + 0 - 4/3*p**3. Determine s(0).
-8
Let h(r) be the second derivative of -1/12*r**4 + 4*r + 0 - 3/2*r**2 + 7/6*r**3. Determine h(5).
7
Let i(d) be the first derivative of 3*d**2 - 1/20*d**5 + 0*d - 1/24*d**4 + 0*d**3 + 11. Let n(x) be the second derivative of i(x). What is n(1)?
-4
Let b(v) be the second derivative of -v**4/12 - 5*v**3/6 + 9*v**2/2 + 393*v. Determine b(-7).
-5
Let o(d) = 9*d**3 - d**2. Suppose 0 = -4*m + 3*c - 136 - 8, -m - 35 = -c. Let y = m + 38. Calculate o(y).
-10
Suppose 17*q - 16*q = 0. Suppose -2*k - 3*z + 23 = q, 0 = -3*k - 4*z - 8 + 41. Let d(v) = -v**3 + 7*v**2 + 2*v - 4. Determine d(k).
10
Suppose 14*j = -35 + 147. Let h(y) be the first derivative of y**2/2 - 8*y + 2. Give h(j).
0
Let g = 675 - 681. Let m(q) = q**2 + 6*q + 6. Determine m(g).
6
Let s(y) = -y**3 + 4*y**2 + y - 3. Let b(q) = -q**3 - 8*q**2 - 9*q - 6. Let n be b(-7). Let t = 5 - n. Let j be t*(-2)/6 + 3. Calculate s(j).
1
Let g be ((-2)/(-2))/(-1) - -1. Let y(u) = u + 17*u**3 - 82*u**3 + 17*u**3 + 26*u**3 - 3 + 21*u**3. What is y(g)?
-3
Let h(m) = -m - 5. Let n be (-8)/(-2) - 3 - 1*5. Give h(n).
-1
Let q = -11 + 18. Suppose -u + o + 1 = -2, 5*u = -3*o + q. Let y(a) = 0*a**2 + 3*a**2 - 4*a**u - 6 - 6*a + 2*a**2. Give y(7).
1
Let q be 175/210 - ((-1)/2)/1. Let w(f) be the third derivative of 0 - 1/60*f**5 - 3*f**2 + 0*f - q*f**3 + 1/4*f**4. Give w(6).
-8
Let i(r) = -3*r**3 + 24. Let l(n) = 4*n**3 - 23. Let f(b) = -3*i(b) - 2*l(b). Determine f(0).
-26
Suppose 4*k + 9 = 5*k + 3*s, -s - 1 = -k. Let r(o) = -o**2 - o**3 - 11*o + 10*o + 1 + 2*o**k + 3*o**2. Give r(-3).
-5
Suppose 3*i + 2*i = 10. Let n(y) = 10*y**i - 16*y**2 + 3 - y**3 + 3 + y. What is n(-6)?
0
Let m(b) = 13*b - 5 - 5*b**2 + 8 + 4 - 3*b. Let j(o) = 4*o**2 - 10*o - 6. Let h(d) = 4*j(d) + 3*m(d). Calculate h(8).
-19
Let p(n) = -5*n. Let o(m) = m**2 + 10*m + 1. Let s be o(-7). Let r = s + 24. Calculate p(r).
-20
Let u = 139/206 + -18/103. Let p(l) be the first derivative of -l + 1 + u*l**2. Give p(0).
-1
Let v(b) = 2*b - 6. Suppose -17*r + 392 = 39*r. Give v(r).
8
Let r(n) = -30*n + 12*n + 6*n - 4 + 11*n. Let v be 2*(-1)/2 + 6. Let j(p) = p**2 - 5*p - 3. Let i be j(v). Determine r(i).
-1
Let l(j) be the third derivative of j**6/120 - j**5/10 - j**4/24 + 2*j**2 - 145. Suppose 2*v = a - 4, 3*v + 25 = 5*a - 2*v. Give l(a).
-6
Let m(u) = -3*u**2 + 3. Let f(g) = 7*g**2 - 6. Let p(n) = -2*f(n) - 5*m(n). Suppose 4*t - 9 = 3. Give p(t).
6
Let u = 212 - 217. Let v(b) = -b**3 - 6*b**2 - 4*b + 2. What is v(u)?
-3
Suppose c = -3*y + 173, -y + 6*c - c = -79. Let l(s) = -30 - 30 + y + s + 6*s - s**2. Let p(u) = 4*u**3 + 2*u**2 - 2*u + 1. Let q be p(1). What is l(q)?
9
Let a be (-6)/4 - (-104)/16. Suppose o - g - 49 = 7, a*o - 292 = 2*g. Let n be (-34)/10 - (-24)/o. Let r(t) = -t**2 - t - 1. Calculate r(n).
-7
Let c(b) = -b + 4. Suppose -4 = 4*l, 5*y + 4*l + 0*l = -19. Let h be (-4)/((y - -4) + 0). Let q be (-9)/(-6*(-1)/h). Determine c(q).
-2
Let u = -4 - -9. Suppose 2*q - z = 4*q + u, 2*q = -4*z + 4. Let p(b) = -b**3 - 5*b**2 - 5*b - 1. What is p(q)?
3
Let g be (-63)/(-14)*70/15. Let t(k) = k**2 - 20*k - 23. What is t(g)?
-2
Let a = -304 - -308. Let d(z) = -z**3 + 6*z**2 - 3*z. Calculate d(a).
20
Let m(u) = -u**3 + 4*u**2 + 6*u + 4. Suppose -5*s - 3*v + 21 = 0, 0 = 5*s - 3*v - 7 - 32. Determine m(s).
-32
Let q(c) be the first derivative of -2/3*c**3 - 1 + c**2 - c. Let m(l) be the first derivative of q(l). Give m(3).
-10
Let c be (-8)/48 + (-44)/(-48)*10. Let g(p) = -3*p + 19. Give g(c).
-8
Let t = 9 - 13. Let g(v) be the first derivative of -v**2 - 4*v + 741. Calculate g(t).
4
Let b(j) = -j**3 + 0*j**3 - 95*j**2 + 0*j**3 + 5*j - 2 + 90*j**2. Determine b(-6).
4
Let s be (0 - -1) + (5 - 1). Suppose 16 - 4 = 6*x. Let r(i) = -i**x - 3 + 2*i**2 + 0 - 5*i + 0*i**2. What is r(s)?
-3
Suppose 11*c + 50 = -49. Let a be 2/(-4) + (3 - c/6). Let o(z) = z**3 - 4*z**2 + 2*z - 4. Calculate o(a).
4
Let u(b) = -8*b**2 + 12. Let l be u(3). Let g = l - -54. Let p(f) = -f**3 - 6*f**2 + 2*f + 9. Give p(g).
-3
Let t(x) = 2*x + 11. Let r(p) = -6*p - 32. Let s(l) = -5*r(l) - 14*t(l). Let f = -260 - -255. Calculate s(f).
-4
Suppose -t + 19 = 17. Let j(w) = -10*w**t + 8*w**2 - 1 - 2 + 5*w**2 + 3*w + w**3. Calculate j(-3).
-12
Suppose -2*t + 5 = -i - 4, 0 = -2*t + 2*i + 6. Let w(h) = -h**3 - 3 - t*h**2 + 3*h**3 - 3*h**3. Determine w(-6).
-3
Suppose 6*p + p = 0. Let q(k) = 3*k + 3. Let n(y) = -y. Let o(w) = -2*n(w) - q(w). Determine o(p).
-3
Let y(o) = 2*o**3 - o**2 - 3*o + 7. Let h be y(-3). Let d = h - -50. Let n(s) = -5*s + 4. Calculate n(d).
-11
Let b(j) = -11910 + 11919 - j - 2*j**3 + j**3 - 6*j**2. Give b(-5).
-11
Let y(m) = -m**2 - 14*m + 6. Suppose 20*n - 9 = 21*n - h, -2*n - 5*h - 32 = 0. Calculate y(n).
39
Let x(v) = v**2 + 17*v + 16. Let n be (1 - 2/4)*-32. Determine x(n).
0
Let w(a) = a**2 - 7*a + 6. Suppose -3*v = 2*v. Suppose 3*s - 8 + 2 = v. Suppose -4*z + 3*l = -9*z + 24, -s = l. Determine w(z).
0
Let s(d) = -2*d - 1. Let y(r) = 3*r - 14. Let j be y(9). Suppose j - 31 = -i + 2*x, 0 = 5*x. Let o = 21 - i. Calculate s(o).
-7
Suppose 63 = 8*x + 7. Suppose -9*t + x + 2 = 0. Let k(u) = 8*u**3 - u**2 + u. Calculate k(t).
8
Let h = 62 + -68. Let p(m) = m**3 + 7*m**2 + 3*m. Let v(a) = 3*a**3 + 21*a**2 + 8*a - 1. Let l(x) = -7*p(x) + 2*v(x). Determine l(h).
-8
Let u = 34 - 27. Let h(m) = u - m**2 + 1 + 4. Calculate h(0).
12
Suppose 32 = -5*h - 3*p, -3*p - 18 = 3*h - 0*p. Let n(z)